{"id":30943,"date":"2023-01-12T11:40:33","date_gmt":"2023-01-12T10:40:33","guid":{"rendered":"https:\/\/www.jelenov-greben.si\/trgovina\/izdelek\/med-s-suhim-sadjem-akacijev-med-s-suhim-mesanim-sadjem-245g\/"},"modified":"2026-03-05T09:11:01","modified_gmt":"2026-03-05T08:11:01","slug":"med-s-suhim-sadjem-akacijev-med-s-suhim-mesanim-sadjem-245g","status":"publish","type":"product","link":"https:\/\/www.jelenov-greben.si\/trgovina\/izdelek\/med-s-suhim-sadjem-akacijev-med-s-suhim-mesanim-sadjem-245g\/","title":{"rendered":"MED S SUHIM SADJEM  410ml"},"content":{"rendered":"<p><strong>Me\u0161anica doma\u010dega suhega sadja z ore\u0161\u010dki in akacijevega medu<\/strong><\/p>\n<p>je kombinacija, ki bo razvajala va\u0161e brbon\u010dice. Z vsako zajeto \u017elico boste u\u017eivali v novem okusu, med pa bo poskrbel tudi za dodatno mero vitaminov in mineralov, saj velja kot doma\u010de sredstvo za krepitev imunskega sistema. Odli\u010dno se poda k jogurtom, sladoledu ali kar na kruh.<\/p>\n<p>vsebina: 245g<\/p>\n<p>&nbsp;<\/p>\n<p>&nbsp;<\/p>\n","protected":false},"excerpt":{"rendered":"<p><strong>Me\u0161anica doma\u010dega suhega sadja z ore\u0161\u010dki in akacijevega medu<\/strong><\/p>\n<p>je kombinacija, ki bo razvajala va\u0161e brbon\u010dice. Z vsako zajeto \u017elico boste u\u017eivali v novem okusu, med pa bo poskrbel tudi za dodatno mero vitaminov in mineralov, saj velja kot doma\u010de sredstvo za krepitev imunskega sistema. Odli\u010dno se poda k jogurtom, sladoledu ali kar na kruh.<\/p>\n<p>vsebina: 245g<\/p>\n<p>&nbsp;<\/p>\n","protected":false},"featured_media":34453,"template":"","meta":[],"product_brand":[],"product_cat":[202],"product_tag":[],"class_list":{"0":"post-30943","1":"product","2":"type-product","3":"status-publish","4":"has-post-thumbnail","6":"product_cat-med","9":"first","10":"instock","11":"shipping-taxable","12":"purchasable","13":"product-type-variable"},"_links":{"self":[{"href":"https:\/\/www.jelenov-greben.si\/trgovina\/wp-json\/wp\/v2\/product\/30943","targetHints":{"allow":["GET"]}}],"collection":[{"href":"https:\/\/www.jelenov-greben.si\/trgovina\/wp-json\/wp\/v2\/product"}],"about":[{"href":"https:\/\/www.jelenov-greben.si\/trgovina\/wp-json\/wp\/v2\/types\/product"}],"wp:featuredmedia":[{"embeddable":true,"href":"https:\/\/www.jelenov-greben.si\/trgovina\/wp-json\/wp\/v2\/media\/34453"}],"wp:attachment":[{"href":"https:\/\/www.jelenov-greben.si\/trgovina\/wp-json\/wp\/v2\/media?parent=30943"}],"wp:term":[{"taxonomy":"product_brand","embeddable":true,"href":"https:\/\/www.jelenov-greben.si\/trgovina\/wp-json\/wp\/v2\/product_brand?post=30943"},{"taxonomy":"product_cat","embeddable":true,"href":"https:\/\/www.jelenov-greben.si\/trgovina\/wp-json\/wp\/v2\/product_cat?post=30943"},{"taxonomy":"product_tag","embeddable":true,"href":"https:\/\/www.jelenov-greben.si\/trgovina\/wp-json\/wp\/v2\/product_tag?post=30943"}],"curies":[{"name":"wp","href":"https:\/\/api.w.org\/{rel}","templated":true}]}}