{"id":31046,"date":"2023-01-12T11:40:43","date_gmt":"2023-01-12T11:40:43","guid":{"rendered":"https:\/\/www.jelenov-greben.si\/trgovina\/izdelek\/posamicno-pakiranje-visnjev-sok-200-ml\/"},"modified":"2026-04-10T13:40:41","modified_gmt":"2026-04-10T12:40:41","slug":"posamicno-pakiranje-visnjev-sok-200-ml","status":"publish","type":"product","link":"https:\/\/www.jelenov-greben.si\/trgovina\/izdelek\/posamicno-pakiranje-visnjev-sok-200-ml\/","title":{"rendered":"VI\u0160NJEV SOK 0,2L"},"content":{"rendered":"<p>doma\u010di vi\u0161njev sok| vi\u0161njev sok| doma\u010d sok iz vi\u0161nj |vi\u0161nje<\/p>\n","protected":false},"excerpt":{"rendered":"<p>Doma\u010di vi\u0161njev sok vsebuje:<\/p>\n<p>VI\u0160NJE(min. 60% sadni dele\u017e), voda, sladkor, askorbinska kislina. Pasteriziran.<\/p>\n<p>HRANILNA TABELA:\u00a0 \u00a0 100g \u017eivila<\/p>\n<ul>\n<li>Energijska vrednost:\u00a0 \u00a080kcal<\/li>\n<li>Beljakovine:\u00a0 0,6g<\/li>\n<li>Ogljikovi hidrati 20g\u00a0 od tega sladkorji 18,0g<\/li>\n<li>Ma\u0161\u010dobe: 0,3g<\/li>\n<\/ul>\n<p>&nbsp;<\/p>\n","protected":false},"featured_media":35423,"template":"","meta":[],"product_brand":[],"product_cat":[233],"product_tag":[],"class_list":{"0":"post-31046","1":"product","2":"type-product","3":"status-publish","4":"has-post-thumbnail","6":"product_cat-sokovi","9":"first","10":"instock","11":"shipping-taxable","12":"purchasable","13":"product-type-simple"},"_links":{"self":[{"href":"https:\/\/www.jelenov-greben.si\/trgovina\/wp-json\/wp\/v2\/product\/31046","targetHints":{"allow":["GET"]}}],"collection":[{"href":"https:\/\/www.jelenov-greben.si\/trgovina\/wp-json\/wp\/v2\/product"}],"about":[{"href":"https:\/\/www.jelenov-greben.si\/trgovina\/wp-json\/wp\/v2\/types\/product"}],"wp:featuredmedia":[{"embeddable":true,"href":"https:\/\/www.jelenov-greben.si\/trgovina\/wp-json\/wp\/v2\/media\/35423"}],"wp:attachment":[{"href":"https:\/\/www.jelenov-greben.si\/trgovina\/wp-json\/wp\/v2\/media?parent=31046"}],"wp:term":[{"taxonomy":"product_brand","embeddable":true,"href":"https:\/\/www.jelenov-greben.si\/trgovina\/wp-json\/wp\/v2\/product_brand?post=31046"},{"taxonomy":"product_cat","embeddable":true,"href":"https:\/\/www.jelenov-greben.si\/trgovina\/wp-json\/wp\/v2\/product_cat?post=31046"},{"taxonomy":"product_tag","embeddable":true,"href":"https:\/\/www.jelenov-greben.si\/trgovina\/wp-json\/wp\/v2\/product_tag?post=31046"}],"curies":[{"name":"wp","href":"https:\/\/api.w.org\/{rel}","templated":true}]}}