{"id":31048,"date":"2023-01-12T11:40:43","date_gmt":"2023-01-12T11:40:43","guid":{"rendered":"https:\/\/www.jelenov-greben.si\/trgovina\/izdelek\/six-pack-pakiranjemesani-okusi-sokov-6200-ml\/"},"modified":"2025-11-28T11:04:54","modified_gmt":"2025-11-28T10:04:54","slug":"six-pack-pakiranjemesani-okusi-sokov-6200-ml","status":"publish","type":"product","link":"https:\/\/www.jelenov-greben.si\/trgovina\/izdelek\/six-pack-pakiranjemesani-okusi-sokov-6200-ml\/","title":{"rendered":"&#8221;SIX PACK&#8221; SOKOV"},"content":{"rendered":"<p>doma\u010di sokovi | doma\u010d sok | sokovi | sok | vi\u0161njev sok | mareli\u010dni sok | jabol\u010dni sok | hru\u0161kov sok | jagodni sok<\/p>\n","protected":false},"excerpt":{"rendered":"<p>V li\u010dni leseni \u0161katlici poljubno izberite 6 doma\u010dih sokov, izbirate lahko med:<\/p>\n<ul>\n<li>Grozdni sok<\/li>\n<li>Jabol\u010dni sok (bistri in gosti)<\/li>\n<li>Jagodni sok<\/li>\n<li>Vi\u0161njev sok<\/li>\n<li>Breskov sok<\/li>\n<\/ul>\n<p>Neto koli\u010dina: 6 x 200 ml<\/p>\n<p>pod besedilo napi\u0161ite \u017eeljene okuse<\/p>\n","protected":false},"featured_media":33481,"template":"","meta":[],"product_brand":[59],"product_cat":[236,233],"product_tag":[],"class_list":{"0":"post-31048","1":"product","2":"type-product","3":"status-publish","4":"has-post-thumbnail","6":"product_brand-jelenov-greben","7":"product_cat-sestavljeni-paketi","8":"product_cat-sokovi","10":"wcpa_has_options","12":"first","13":"instock","14":"shipping-taxable","15":"purchasable","16":"product-type-simple"},"_links":{"self":[{"href":"https:\/\/www.jelenov-greben.si\/trgovina\/wp-json\/wp\/v2\/product\/31048","targetHints":{"allow":["GET"]}}],"collection":[{"href":"https:\/\/www.jelenov-greben.si\/trgovina\/wp-json\/wp\/v2\/product"}],"about":[{"href":"https:\/\/www.jelenov-greben.si\/trgovina\/wp-json\/wp\/v2\/types\/product"}],"wp:featuredmedia":[{"embeddable":true,"href":"https:\/\/www.jelenov-greben.si\/trgovina\/wp-json\/wp\/v2\/media\/33481"}],"wp:attachment":[{"href":"https:\/\/www.jelenov-greben.si\/trgovina\/wp-json\/wp\/v2\/media?parent=31048"}],"wp:term":[{"taxonomy":"product_brand","embeddable":true,"href":"https:\/\/www.jelenov-greben.si\/trgovina\/wp-json\/wp\/v2\/product_brand?post=31048"},{"taxonomy":"product_cat","embeddable":true,"href":"https:\/\/www.jelenov-greben.si\/trgovina\/wp-json\/wp\/v2\/product_cat?post=31048"},{"taxonomy":"product_tag","embeddable":true,"href":"https:\/\/www.jelenov-greben.si\/trgovina\/wp-json\/wp\/v2\/product_tag?post=31048"}],"curies":[{"name":"wp","href":"https:\/\/api.w.org\/{rel}","templated":true}]}}