{"id":31059,"date":"2023-01-12T11:40:43","date_gmt":"2023-01-12T11:40:43","guid":{"rendered":"https:\/\/www.jelenov-greben.si\/trgovina\/izdelek\/bucno-olje-in-kisdomace-bucno-olje-in-jabolcni-kis-2250-ml\/"},"modified":"2026-03-27T12:00:12","modified_gmt":"2026-03-27T11:00:12","slug":"domace-bucno-olje-in-jabolcni-kis-2250-ml","status":"publish","type":"product","link":"https:\/\/www.jelenov-greben.si\/trgovina\/izdelek\/domace-bucno-olje-in-jabolcni-kis-2250-ml\/","title":{"rendered":"BU\u010cNO OLJE IN JABOL\u010cNIM KIS V NOSILKI 2*250 ml"},"content":{"rendered":"<p>Doma\u010de bu\u010dno olje in jabol\u010dni kis v lesenem namiznem pakiranju<\/p>\n","protected":false},"excerpt":{"rendered":"<p data-path-to-node=\"3\">Na\u0161a unikatna lesena nosilka skriva par, ki ne sme manjkati na nobeni mizi: 100 % \u010disto bu\u010dno olje in doma\u010d jabol\u010dni kis.<\/p>\n<p data-path-to-node=\"4\">Naravno, doma\u010de in pripravljeno z ljubeznijo do tradicije.<\/p>\n<p data-path-to-node=\"4\">\n","protected":false},"featured_media":35131,"template":"","meta":[],"product_brand":[],"product_cat":[189],"product_tag":[],"class_list":{"0":"post-31059","1":"product","2":"type-product","3":"status-publish","4":"has-post-thumbnail","6":"product_cat-kis-in-bucno-olje","9":"first","10":"instock","11":"shipping-taxable","12":"purchasable","13":"product-type-variable"},"_links":{"self":[{"href":"https:\/\/www.jelenov-greben.si\/trgovina\/wp-json\/wp\/v2\/product\/31059","targetHints":{"allow":["GET"]}}],"collection":[{"href":"https:\/\/www.jelenov-greben.si\/trgovina\/wp-json\/wp\/v2\/product"}],"about":[{"href":"https:\/\/www.jelenov-greben.si\/trgovina\/wp-json\/wp\/v2\/types\/product"}],"wp:featuredmedia":[{"embeddable":true,"href":"https:\/\/www.jelenov-greben.si\/trgovina\/wp-json\/wp\/v2\/media\/35131"}],"wp:attachment":[{"href":"https:\/\/www.jelenov-greben.si\/trgovina\/wp-json\/wp\/v2\/media?parent=31059"}],"wp:term":[{"taxonomy":"product_brand","embeddable":true,"href":"https:\/\/www.jelenov-greben.si\/trgovina\/wp-json\/wp\/v2\/product_brand?post=31059"},{"taxonomy":"product_cat","embeddable":true,"href":"https:\/\/www.jelenov-greben.si\/trgovina\/wp-json\/wp\/v2\/product_cat?post=31059"},{"taxonomy":"product_tag","embeddable":true,"href":"https:\/\/www.jelenov-greben.si\/trgovina\/wp-json\/wp\/v2\/product_tag?post=31059"}],"curies":[{"name":"wp","href":"https:\/\/api.w.org\/{rel}","templated":true}]}}